8.
2, 3, 23, 2729, 21169
What are the prime factors of 1772946800?
2, 5, 4432367
What are the prime factors of 69349929?
3, 11, 2101513
List the prime factors of 462901140.
2, 3, 5, 13, 15217
What are the prime factors of 355447340?
2, 5, 1367, 13001
What are the prime factors of 37395104?
2, 17, 53, 1297
What are the prime factors of 1707038?
2, 17, 50207
List the prime factors of 748703153.
11, 23, 2959301
List the prime factors of 11390883.
3, 7, 77489
What are the prime factors of 4617912527?
29, 107, 1488209
What are the prime factors of 1302131616?
2, 3, 47, 131, 2203
List the prime factors of 1209428390.
2, 5, 67, 1805117
What are the prime factors of 1304004745?
5, 113, 2307973
List the prime factors of 748098050.
2, 5, 7, 2137423
List the prime factors of 87157487.
17, 301583
List the prime factors of 92333784.
2, 3, 3847241
List the prime factors of 109330805.
5, 41, 533321
What are the prime factors of 1141427761?
149, 7660589
What are the prime factors of 1300399413?
3, 20743, 20897
What are the prime factors of 230183677?
230183677
What are the prime factors of 94459143?
3, 47, 669923
What are the prime factors of 199639920?
2, 3, 5, 499, 1667
What are the prime factors of 877017956?
2, 37, 5925797
What are the prime factors of 3320161175?
5, 19, 6989813
List the prime factors of 157977208.
2, 769, 25679
List the prime factors of 19973110.
2, 5, 1997311
What are the prime factors of 200591566?
2, 7, 643, 22283
What are the prime factors of 195762857?
353, 554569
List the prime factors of 533297034.
2, 3, 365773
List the prime factors of 145896829.
13, 2081, 5393
What are the prime factors of 1105613060?
2, 5, 4217, 13109
What are the prime factors of 865925202?
2, 3, 239, 603853
List the prime factors of 15343731.
3, 13, 131143
What are the prime factors of 149923940?
2, 5, 211, 35527
What are the prime factors of 399993553?
399993553
What are the prime factors of 140504905?
5, 19, 1478999
What are the prime factors of 1283350732?
2, 320837683
List the prime factors of 819932972.
2, 113, 1814011
List the prime factors of 854563470.
2, 3, 5, 37, 193, 3989
What are the prime factors of 73723648?
2, 19, 23, 659
List the prime factors of 1723879694.
2, 861939847
List the prime factors of 12557440.
2, 5, 7, 2803
List the prime factors of 383469661.
7103, 53987
List the prime factors of 2645606398.
2, 19, 113, 616117
What are the prime factors of 12068975?
5, 482759
What are the prime factors of 1249435201?
7, 1123, 158941
What are the prime factors of 219009769?
11, 29, 686551
What are the prime factors of 430379808?
2, 3, 4483123
List the prime factors of 193552668.
2, 3, 547, 9829
What are the prime factors of 536323447?
11, 48756677
What are the prime factors of 1182149717?
7, 168878531
List the prime factors of 495776225.
5, 7, 2833007
What are the prime factors of 350096387?
12263, 28549
What are the prime factors of 612499600?
2, 5, 137, 11177
What are the prime factors of 9098268?
2, 3, 758189
List the prime factors of 6853551.
3, 487, 4691
List the prime factors of 10112044.
2, 2528011
What are the prime factors of 433651809?
3, 144550603
What are the prime factors of 2523505285?
5, 7, 907, 79493
List the prime factors of 23656276.
2, 7, 844867
What are the prime factors of 1112488464?
2, 3, 73, 317491
What are the prime factors of 5932495?
5, 41, 43, 673
What are the prime factors of 65744043?
3, 21914681
What are the prime factors of 19357552?
2, 137, 8831
List the prime factors of 83435755.
5, 13, 29, 44263
List the prime factors of 1187376589.
7, 4673, 36299
List the prime factors of 441659416.
2, 11, 541, 9277
What are the prime factors of 113117931?
3, 4189553
What are the prime factors of 76035762?
2, 3, 11, 79, 4861
What are the prime factors of 2686879392?
2, 3, 27988327
What are the prime factors of 535330164?
2, 3, 197, 226451
List the prime factors of 180534962.
2, 90267481
What are the prime factors of 93860400?
2, 3, 5, 17, 43, 107
List the prime factors of 84119291.
149, 233, 2423
What are the prime factors of 1034212339?
1034212339
List the prime factors of 718584773.
718584773
What are the prime factors of 74585187?
3, 29, 285767
List the prime factors of 1483649464.
2, 11, 16859653
What are the prime factors of 40168149?
3, 7, 43, 44483
What are the prime factors of 1014065299?
13, 78005023
List the prime factors of 278582224.
2, 239, 263, 277
List the prime factors of 25576202.
2, 29, 61, 7229
List the prime factors of 117667557.
3, 7, 17, 181, 607
List the prime factors of 3707023993.
19913, 186161
What are the prime factors of 3672197363?
3672197363
What are the prime factors of 1576900518?
2, 3, 17, 15459809
What are the prime factors of 3646531694?
2, 13, 140251219
List the prime factors of 178753273.
19, 9408067
What are the prime factors of 2415410602?
2, 11, 109791391
What are the prime factors of 244435823?
244435823
What are the prime factors of 1797945932?
2, 997, 450839
What are the prime factors of 44111932?
2, 151, 199, 367
What are the prime factors of 967211338?
2, 359, 1347091
List the prime factors of 2479798796.
2, 2467, 251297
List the prime factors of 3580901564.
2, 67, 3167, 4219
What are the prime factors of 161221456?
2, 11, 916031
List the prime factors of 125629593.
3, 2029, 20639
List the prime factors of 1112252296.
2, 433, 547, 587
What are the prime factors of 86753572?
2, 21688393
What are the prime factors of 601280677?
601280677
List the prime factors of 907865.
5, 7, 25939
List the prime factors of 61546767.
3, 79, 259691
What are the prime factors of 514028889?
3, 11, 853, 2029
What are the prime factors of 3717976?
2, 464747
List the prime factors of 29040250.
2, 5, 17, 6833
What are the prime factors of 286659657?
3, 31851073
List the prime factors of 2892213391.
23539, 122869
List the prime factors of 1475902955.
5, 389, 758819
What are the prime factors of 5754005919?
3, 4391, 145601
List the prime factors of 38891139.
3, 7, 1151, 1609
What are the prime factors of 235770822?
2, 3, 7, 199, 9403
What are the prime factors of 27703735?
5, 733, 7559
List the prime factors of 28319821.
28319821
What are the prime factors of 149405252?
2, 37351313
What are the prime factors of 156707607?
3, 7, 1999, 3733
List the prime factors of 44047672.
2, 5505959
What are the prime factors of 68037881?
79, 861239
What are the prime factors of 6378744307?
13, 23, 73, 292241
List the prime factors of 29423152.
2, 11, 167177
What are the prime factors of 824605900?
2, 5, 8246059
What are the prime factors of 602999072?
2, 13, 1449517
What are the prime factors of 124979913?
3, 13886657
List the prime factors of 1810917886.
2, 31, 53, 113, 4877
List the prime factors of 173998103.
173998103
List the prime factors of 669665538.
2, 3, 37203641
List the prime factors of 858445362.
2, 3, 17, 37, 75821
What are the prime factors of 177409430?
2, 5, 11, 383, 4211
List the prime factors of 1168228898.
2, 37, 47, 383, 877
What are the prime factors of 881826349?
53, 73, 113, 2017
List the prime factors of 177595070.
2, 5, 17759507
What are the prime factors of 7132022337?
3, 11, 216121889
What are the prime factors of 212417937?
3, 593, 13267
What are the prime factors of 3437969195?
5, 487, 1411897
List the prime factors of 14061242.
2, 13, 433, 1249
List the prime factors of 175394222.
2, 197, 199, 2237
List the prime factors of 405157413.
3, 17, 191, 41593
What are the prime factors of 2603208957?
3, 867736319
What are the prime factors of 3083430329?
7, 59, 83, 293, 307
List the prime factors of 192587300.
2, 5, 1925873
List the prime factors of 6358012.
2, 1589503
What are the prime factors of 4905264?
2, 3, 7, 13, 1123
List the prime factors of 149016795.
3, 5, 103, 96451
List the prime factors of 135975513.
3, 45325171
List the prime factors of 3135129359.
3135129359
List the prime factors of 200292737.
19, 10541723
List the prime factors of 2379683083.
37, 1319, 48761
List the prime factors of 86276605.
5, 139, 124139
What are the prime factors of 1894301063?
1894301063
What are the prime factors of 261571978?
2, 130785989
List the prime factors of 145392314.
2, 37, 41, 173, 277
List the prime factors of 3860901.
3, 11, 59, 661
What are the prime factors of 14940223?
53, 101, 2791
What ar